{"id":2444,"date":"2018-10-04T11:37:03","date_gmt":"2018-10-04T11:37:03","guid":{"rendered":"http:\/\/logichunt.net\/demo\/wordpress\/emeet\/home-banner-twelve-copy\/"},"modified":"2026-04-16T13:42:35","modified_gmt":"2026-04-16T13:42:35","slug":"registeer-als-partner","status":"publish","type":"page","link":"https:\/\/heliview.com\/e-invoicing-belgium\/registeer-als-partner\/","title":{"rendered":"Registreer als partner"},"content":{"rendered":"<div class=\"wpb-content-wrapper\">[vc_row full_width=&#8221;stretch_row&#8221; css=&#8221;.vc_custom_1617373986261{background-color: #ffffff !important;}&#8221;][vc_column width=&#8221;1\/3&#8243;]<div class=\"lgx-heading  \" >\r\n                    <h2 class=\"heading\"><\/h2>\r\n                    <h3 class=\"subheading\">Why you can't miss this conference<\/h3>              \r\n              <\/div>[vc_column_text css=&#8221;&#8221;]\n<ul class=\"checklist\">\n<li>Leadgeneratie bij een geselecteerde doelgroep<\/li>\n<li>Gegarandeerde interactie met potenti\u00eble klanten<\/li>\n<li>Waardevolle matchmaking tijdens de \u00e9\u00e9n-op-\u00e9\u00e9n-gesprekken op basis van uw voorkeuren<\/li>\n<li>En nog veel meer!<\/li>\n<\/ul>\n[\/vc_column_text][vc_row_inner][vc_column_inner][vc_single_image image=&#8221;7540&#8243; img_size=&#8221;200&#215;200&#8243; css=&#8221;&#8221;][vc_column_text css=&#8221;&#8221;]\n<h5>Kjeld Eggen | Junior sales executive<\/h5>\n<p>Vul het formulier in en ik neem zo snel mogelijk contact met je op![\/vc_column_text][\/vc_column_inner][\/vc_row_inner][\/vc_column][vc_column width=&#8221;2\/3&#8243;]<div class=\"lgx-heading  \" >\r\n                    <h2 class=\"heading\"><\/h2>\r\n                    <h3 class=\"subheading\">Vraag informatie en prijzen aan<\/h3>              \r\n              <\/div>\n<div class=\"wpcf7 no-js\" id=\"wpcf7-f4886-o1\" lang=\"nl-NL\" dir=\"ltr\" data-wpcf7-id=\"4886\">\n<div class=\"screen-reader-response\"><p role=\"status\" aria-live=\"polite\" aria-atomic=\"true\"><\/p> <ul><\/ul><\/div>\n<form action=\"\/e-invoicing-belgium\/wp-json\/wp\/v2\/pages\/2444#wpcf7-f4886-o1\" method=\"post\" class=\"wpcf7-form init\" aria-label=\"Contactformulier\" novalidate=\"novalidate\" data-status=\"init\">\n<div style=\"display: none;\">\n<input type=\"hidden\" name=\"_wpcf7\" value=\"4886\" \/>\n<input type=\"hidden\" name=\"_wpcf7_version\" value=\"6.0.6\" \/>\n<input type=\"hidden\" name=\"_wpcf7_locale\" value=\"nl_NL\" \/>\n<input type=\"hidden\" name=\"_wpcf7_unit_tag\" value=\"wpcf7-f4886-o1\" \/>\n<input type=\"hidden\" name=\"_wpcf7_container_post\" value=\"0\" \/>\n<input type=\"hidden\" name=\"_wpcf7_posted_data_hash\" value=\"\" \/>\n<input type=\"hidden\" name=\"_wpcf7cf_hidden_group_fields\" value=\"[]\" \/>\n<input type=\"hidden\" name=\"_wpcf7cf_hidden_groups\" value=\"[]\" \/>\n<input type=\"hidden\" name=\"_wpcf7cf_visible_groups\" value=\"[]\" \/>\n<input type=\"hidden\" name=\"_wpcf7cf_repeaters\" value=\"[]\" \/>\n<input type=\"hidden\" name=\"_wpcf7cf_steps\" value=\"{}\" \/>\n<input type=\"hidden\" name=\"_wpcf7cf_options\" value=\"{&quot;form_id&quot;:4886,&quot;conditions&quot;:[],&quot;settings&quot;:{&quot;animation&quot;:&quot;yes&quot;,&quot;animation_intime&quot;:200,&quot;animation_outtime&quot;:200,&quot;conditions_ui&quot;:&quot;normal&quot;,&quot;notice_dismissed&quot;:false}}\" \/>\n<input type=\"hidden\" name=\"_wpcf7_recaptcha_response\" value=\"\" \/>\n<\/div>\n<p><label> Name contactperson (obligated)<br \/>\n<span class=\"wpcf7-form-control-wrap\" data-name=\"your-name\"><input size=\"40\" maxlength=\"400\" class=\"wpcf7-form-control wpcf7-text wpcf7-validates-as-required\" aria-required=\"true\" aria-invalid=\"false\" value=\"\" type=\"text\" name=\"your-name\" \/><\/span> <\/label>\n<\/p>\n<p><label> Name company (obligated)<br \/>\n<span class=\"wpcf7-form-control-wrap\" data-name=\"your-company\"><input size=\"40\" maxlength=\"400\" class=\"wpcf7-form-control wpcf7-text wpcf7-validates-as-required\" aria-required=\"true\" aria-invalid=\"false\" value=\"\" type=\"text\" name=\"your-company\" \/><\/span> <\/label>\n<\/p>\n<p><label> Phone number*<br \/>\n<span class=\"wpcf7-form-control-wrap\" data-name=\"your-phone\"><input size=\"40\" maxlength=\"400\" class=\"wpcf7-form-control wpcf7-tel wpcf7-validates-as-required wpcf7-text wpcf7-validates-as-tel\" aria-required=\"true\" aria-invalid=\"false\" value=\"\" type=\"tel\" name=\"your-phone\" \/><\/span> <\/label>\n<\/p>\n<p><label> E-mail address (obligated)<br \/>\n<span class=\"wpcf7-form-control-wrap\" data-name=\"your-email\"><input size=\"40\" maxlength=\"400\" class=\"wpcf7-form-control wpcf7-email wpcf7-validates-as-required wpcf7-text wpcf7-validates-as-email\" aria-required=\"true\" aria-invalid=\"false\" value=\"\" type=\"email\" name=\"your-email\" \/><\/span> <\/label>\n<\/p>\n<p><label> Your question or feedback<br \/>\n<span class=\"wpcf7-form-control-wrap\" data-name=\"your-message\"><textarea cols=\"40\" rows=\"10\" maxlength=\"2000\" class=\"wpcf7-form-control wpcf7-textarea\" aria-invalid=\"false\" name=\"your-message\"><\/textarea><\/span> <\/label>\n<\/p>\n<p><input class=\"wpcf7-form-control wpcf7-submit has-spinner\" type=\"submit\" value=\"Send\" \/>\n<\/p><div class=\"wpcf7-response-output\" aria-hidden=\"true\"><\/div>\n<\/form>\n<\/div>\n[\/vc_column][\/vc_row][vc_row css=&#8221;.vc_custom_1617375157121{background-color: #f2f2f2 !important;}&#8221;][vc_column]<div class=\"lgx-heading  \" >\r\n                    <h2 class=\"heading\"><\/h2>\r\n                    <h3 class=\"subheading\">Hoe ziet een Heliview-congres eruit?<\/h3>              \r\n              <\/div>[vc_row_inner css=&#8221;.vc_custom_1617375137183{background-color: #f2f2f2 !important;}&#8221;][vc_column_inner width=&#8221;1\/2&#8243;][vc_video link=&#8221;https:\/\/youtu.be\/7bzPjLfBwW8&#8243;][\/vc_column_inner][vc_column_inner width=&#8221;1\/2&#8243;][vc_empty_space height=&#8221;64px&#8221;][vc_column_text css=&#8221;&#8221;]\n<blockquote><p>Heliview heeft een geweldige conferentie georganiseerd die elk jaar weer als thuiskomen voelt, maar die ook elk jaar weer nieuwe gesprekken met klanten en potenti\u00eble klanten oplevert.<\/p>\n<p>\u2013 Marloes van Etten \u2013 ITAM Solutions<\/p><\/blockquote>\n[\/vc_column_text][\/vc_column_inner][\/vc_row_inner][\/vc_column][\/vc_row][vc_row full_width=&#8221;stretch_row&#8221; css=&#8221;.vc_custom_1617373986261{background-color: #ffffff !important;}&#8221;][vc_column]<div class=\"lgx-heading  \" >\r\n                    <h2 class=\"heading\"><\/h2>\r\n                    <h3 class=\"subheading\">Kwalitatieve leads voor uw bedrijf<\/h3>              \r\n              <\/div>[vc_column_text css=&#8221;&#8221;]Kennis delen en mensen met elkaar in contact brengen. Dat is waar Heliview Conferences &amp; Training voor staat. Dankzij ons strikte toegangsbeleid brengen we u tijdens het evenement op verschillende manieren in contact met Heliview en marketinggekwalificeerde leads.[\/vc_column_text][\/vc_column][\/vc_row][vc_row full_width=&#8221;stretch_row&#8221; css=&#8221;.vc_custom_1617373994849{background-color: #ffffff !important;}&#8221;][vc_column width=&#8221;1\/12&#8243;][vc_single_image image=&#8221;5508&#8243;][\/vc_column][vc_column width=&#8221;11\/12&#8243;][vc_column_text css=&#8221;&#8221;]Een Marketing Qualified Lead (MQL) is een gekwalificeerde eindgebruiker die deel uitmaakt van de besluitvormingsgroep (DMU) binnen een eindgebruikersorganisatie met ten minste 20 FTE, en die niet alleen ge\u00efnteresseerd is in het onderwerp van het betreffende evenement, maar ook in persoonlijke gesprekken met uw organisatie.[\/vc_column_text][vc_empty_space][\/vc_column][\/vc_row][vc_row el_id=&#8221;3&#8243;][vc_column]<div class=\"lgx-heading  \" >\r\n                    <h2 class=\"heading\"><\/h2>\r\n                    <h3 class=\"subheading\">1-op-1 gesprekken<\/h3>              \r\n              <\/div>[vc_column_text css=&#8221;&#8221;]Het faciliteren van persoonlijke en zakelijke contacten vormt de basis van onze evenementen. Tijdens de netwerk- en expertbijeenkomsten koppelen we partners en deelnemers aan elkaar op basis van de sectoren waarin u actief bent en de interessegebieden van de deelnemers.<\/p>\n<ul>\n<li>U nodigt deelnemers uit op basis van hun functie, organisatie, branche en nog veel meer<\/li>\n<li>Wij plannen de gesprekken voor u in op basis van uw beschikbaarheid en die van de deelnemers<\/li>\n<li>Deelnemers kunnen u uitnodigen voor een \u00e9\u00e9n-op-\u00e9\u00e9n-gesprek<\/li>\n<li>De 1-op-1 gesprekken worden gemiddeld beoordeeld met een 7,5<\/li>\n<\/ul>\n[\/vc_column_text][\/vc_column][\/vc_row][vc_row full_width=&#8221;stretch_row&#8221; css=&#8221;.vc_custom_1617374933652{background-color: #ffffff !important;}&#8221;][vc_column]<div class=\"lgx-heading  \" >\r\n                    <h2 class=\"heading\"><\/h2>\r\n                    <h3 class=\"subheading\">Toonaangevend denken<\/h3>              \r\n              <\/div>[vc_column_text css=&#8221;&#8221;]Tijdens het evenement bieden wij u de mogelijkheid om een bijdrage te leveren aan het programma. Of u nu een keynote wilt houden tijdens de conferentiedag of een live rondetafelgesprek wilt organiseren tijdens het online-evenement: dankzij het brede aanbod kunt u kiezen wat het beste aansluit bij de doelstellingen van uw organisatie. Zo stellen wij u in staat om uw organisatie te profileren als thought leader, uw kennis over te dragen en in contact te komen met een gekwalificeerde doelgroep.[\/vc_column_text][\/vc_column][\/vc_row][vc_row full_width=&#8221;stretch_row&#8221; css=&#8221;.vc_custom_1620384934558{background-color: #f2f2f2 !important;}&#8221; el_id=&#8221;form&#8221;][vc_column]<div class=\"lgx-heading  \" >\r\n                    <h2 class=\"heading\"><\/h2>\r\n                    <h3 class=\"subheading\">Bent u op zoek naar gekwalificeerde leads? Vul het onderstaande formulier in voor meer informatie<\/h3>              \r\n              <\/div>\n<div class=\"wpcf7 no-js\" id=\"wpcf7-f4886-o2\" lang=\"nl-NL\" dir=\"ltr\" data-wpcf7-id=\"4886\">\n<div class=\"screen-reader-response\"><p role=\"status\" aria-live=\"polite\" aria-atomic=\"true\"><\/p> <ul><\/ul><\/div>\n<form action=\"\/e-invoicing-belgium\/wp-json\/wp\/v2\/pages\/2444#wpcf7-f4886-o2\" method=\"post\" class=\"wpcf7-form init\" aria-label=\"Contactformulier\" novalidate=\"novalidate\" data-status=\"init\">\n<div style=\"display: none;\">\n<input type=\"hidden\" name=\"_wpcf7\" value=\"4886\" \/>\n<input type=\"hidden\" name=\"_wpcf7_version\" value=\"6.0.6\" \/>\n<input type=\"hidden\" name=\"_wpcf7_locale\" value=\"nl_NL\" \/>\n<input type=\"hidden\" name=\"_wpcf7_unit_tag\" value=\"wpcf7-f4886-o2\" \/>\n<input type=\"hidden\" name=\"_wpcf7_container_post\" value=\"0\" \/>\n<input type=\"hidden\" name=\"_wpcf7_posted_data_hash\" value=\"\" \/>\n<input type=\"hidden\" name=\"_wpcf7cf_hidden_group_fields\" value=\"[]\" \/>\n<input type=\"hidden\" name=\"_wpcf7cf_hidden_groups\" value=\"[]\" \/>\n<input type=\"hidden\" name=\"_wpcf7cf_visible_groups\" value=\"[]\" \/>\n<input type=\"hidden\" name=\"_wpcf7cf_repeaters\" value=\"[]\" \/>\n<input type=\"hidden\" name=\"_wpcf7cf_steps\" value=\"{}\" \/>\n<input type=\"hidden\" name=\"_wpcf7cf_options\" value=\"{&quot;form_id&quot;:4886,&quot;conditions&quot;:[],&quot;settings&quot;:{&quot;animation&quot;:&quot;yes&quot;,&quot;animation_intime&quot;:200,&quot;animation_outtime&quot;:200,&quot;conditions_ui&quot;:&quot;normal&quot;,&quot;notice_dismissed&quot;:false}}\" \/>\n<input type=\"hidden\" name=\"_wpcf7_recaptcha_response\" value=\"\" \/>\n<\/div>\n<p><label> Name contactperson (obligated)<br \/>\n<span class=\"wpcf7-form-control-wrap\" data-name=\"your-name\"><input size=\"40\" maxlength=\"400\" class=\"wpcf7-form-control wpcf7-text wpcf7-validates-as-required\" aria-required=\"true\" aria-invalid=\"false\" value=\"\" type=\"text\" name=\"your-name\" \/><\/span> <\/label>\n<\/p>\n<p><label> Name company (obligated)<br \/>\n<span class=\"wpcf7-form-control-wrap\" data-name=\"your-company\"><input size=\"40\" maxlength=\"400\" class=\"wpcf7-form-control wpcf7-text wpcf7-validates-as-required\" aria-required=\"true\" aria-invalid=\"false\" value=\"\" type=\"text\" name=\"your-company\" \/><\/span> <\/label>\n<\/p>\n<p><label> Phone number*<br \/>\n<span class=\"wpcf7-form-control-wrap\" data-name=\"your-phone\"><input size=\"40\" maxlength=\"400\" class=\"wpcf7-form-control wpcf7-tel wpcf7-validates-as-required wpcf7-text wpcf7-validates-as-tel\" aria-required=\"true\" aria-invalid=\"false\" value=\"\" type=\"tel\" name=\"your-phone\" \/><\/span> <\/label>\n<\/p>\n<p><label> E-mail address (obligated)<br \/>\n<span class=\"wpcf7-form-control-wrap\" data-name=\"your-email\"><input size=\"40\" maxlength=\"400\" class=\"wpcf7-form-control wpcf7-email wpcf7-validates-as-required wpcf7-text wpcf7-validates-as-email\" aria-required=\"true\" aria-invalid=\"false\" value=\"\" type=\"email\" name=\"your-email\" \/><\/span> <\/label>\n<\/p>\n<p><label> Your question or feedback<br \/>\n<span class=\"wpcf7-form-control-wrap\" data-name=\"your-message\"><textarea cols=\"40\" rows=\"10\" maxlength=\"2000\" class=\"wpcf7-form-control wpcf7-textarea\" aria-invalid=\"false\" name=\"your-message\"><\/textarea><\/span> <\/label>\n<\/p>\n<p><input class=\"wpcf7-form-control wpcf7-submit has-spinner\" type=\"submit\" value=\"Send\" \/>\n<\/p><div class=\"wpcf7-response-output\" aria-hidden=\"true\"><\/div>\n<\/form>\n<\/div>\n[\/vc_column][\/vc_row]\n<\/div>","protected":false},"excerpt":{"rendered":"<p>[vc_row full_width=&#8221;stretch_row&#8221; css=&#8221;.vc_custom_1617373986261{background-color: #ffffff !important;}&#8221;][vc_column width=&#8221;1\/3&#8243;][vc_column_text css=&#8221;&#8221;] Leadgeneratie bij een geselecteerde doelgroep Gegarandeerde interactie met potenti\u00eble klanten Waardevolle matchmaking tijdens de \u00e9\u00e9n-op-\u00e9\u00e9n-gesprekken op basis van uw voorkeuren En nog veel meer! [\/vc_column_text][vc_row_inner][vc_column_inner][vc_single_image image=&#8221;7540&#8243; img_size=&#8221;200&#215;200&#8243; css=&#8221;&#8221;][vc_column_text css=&#8221;&#8221;] Kjeld Eggen | Junior sales executive Vul het formulier in en ik neem zo snel mogelijk contact met je [&hellip;]<\/p>\n","protected":false},"author":25,"featured_media":0,"parent":0,"menu_order":0,"comment_status":"closed","ping_status":"closed","template":"","meta":{"_acf_changed":false,"footnotes":""},"class_list":["post-2444","page","type-page","status-publish","hentry"],"yoast_head":"<!-- This site is optimized with the Yoast SEO plugin v25.3.1 - https:\/\/yoast.com\/wordpress\/plugins\/seo\/ -->\r\n<title>Registreer als partner - Finance Flow Conference Belgi\u00eb<\/title>\r\n<meta name=\"robots\" content=\"index, follow, max-snippet:-1, max-image-preview:large, max-video-preview:-1\" \/>\r\n<link rel=\"canonical\" href=\"https:\/\/heliview.com\/e-invoicing-belgium\/registeer-als-partner\/\" \/>\r\n<meta property=\"og:locale\" content=\"en_US\" \/>\r\n<meta property=\"og:type\" content=\"article\" \/>\r\n<meta property=\"og:title\" content=\"Registreer als partner - Finance Flow Conference Belgi\u00eb\" \/>\r\n<meta property=\"og:description\" content=\"[vc_row full_width=&#8221;stretch_row&#8221; css=&#8221;.vc_custom_1617373986261{background-color: #ffffff !important;}&#8221;][vc_column width=&#8221;1\/3&#8243;][vc_column_text css=&#8221;&#8221;] Leadgeneratie bij een geselecteerde doelgroep Gegarandeerde interactie met potenti\u00eble klanten Waardevolle matchmaking tijdens de \u00e9\u00e9n-op-\u00e9\u00e9n-gesprekken op basis van uw voorkeuren En nog veel meer! [\/vc_column_text][vc_row_inner][vc_column_inner][vc_single_image image=&#8221;7540&#8243; img_size=&#8221;200&#215;200&#8243; css=&#8221;&#8221;][vc_column_text css=&#8221;&#8221;] Kjeld Eggen | Junior sales executive Vul het formulier in en ik neem zo snel mogelijk contact met je [&hellip;]\" \/>\r\n<meta property=\"og:url\" content=\"https:\/\/heliview.com\/e-invoicing-belgium\/registeer-als-partner\/\" \/>\r\n<meta property=\"og:site_name\" content=\"Finance Flow Conference Belgi\u00eb\" \/>\r\n<meta property=\"article:publisher\" content=\"https:\/\/www.facebook.com\/HeliviewCT\" \/>\r\n<meta property=\"article:modified_time\" content=\"2026-04-16T13:42:35+00:00\" \/>\r\n<meta name=\"twitter:card\" content=\"summary_large_image\" \/>\r\n<meta name=\"twitter:site\" content=\"@HeliviewConf\" \/>\r\n<meta name=\"twitter:label1\" content=\"Est. reading time\" \/>\n\t<meta name=\"twitter:data1\" content=\"3 minutes\" \/>\r\n<script type=\"application\/ld+json\" class=\"yoast-schema-graph\">{\"@context\":\"https:\/\/schema.org\",\"@graph\":[{\"@type\":\"WebPage\",\"@id\":\"https:\/\/heliview.com\/e-invoicing-belgium\/registeer-als-partner\/\",\"url\":\"https:\/\/heliview.com\/e-invoicing-belgium\/registeer-als-partner\/\",\"name\":\"Registreer als partner - Finance Flow Conference Belgi\u00eb\",\"isPartOf\":{\"@id\":\"https:\/\/heliview.com\/e-invoicing-belgium\/#website\"},\"datePublished\":\"2018-10-04T11:37:03+00:00\",\"dateModified\":\"2026-04-16T13:42:35+00:00\",\"breadcrumb\":{\"@id\":\"https:\/\/heliview.com\/e-invoicing-belgium\/registeer-als-partner\/#breadcrumb\"},\"inLanguage\":\"en-US\",\"potentialAction\":[{\"@type\":\"ReadAction\",\"target\":[\"https:\/\/heliview.com\/e-invoicing-belgium\/registeer-als-partner\/\"]}]},{\"@type\":\"BreadcrumbList\",\"@id\":\"https:\/\/heliview.com\/e-invoicing-belgium\/registeer-als-partner\/#breadcrumb\",\"itemListElement\":[{\"@type\":\"ListItem\",\"position\":1,\"name\":\"Home\",\"item\":\"https:\/\/heliview.com\/e-invoicing-belgium\/\"},{\"@type\":\"ListItem\",\"position\":2,\"name\":\"Registreer als partner\"}]},{\"@type\":\"WebSite\",\"@id\":\"https:\/\/heliview.com\/e-invoicing-belgium\/#website\",\"url\":\"https:\/\/heliview.com\/e-invoicing-belgium\/\",\"name\":\"Finance Flow Conference Belgi\u00eb\",\"description\":\"\",\"potentialAction\":[{\"@type\":\"SearchAction\",\"target\":{\"@type\":\"EntryPoint\",\"urlTemplate\":\"https:\/\/heliview.com\/e-invoicing-belgium\/?s={search_term_string}\"},\"query-input\":{\"@type\":\"PropertyValueSpecification\",\"valueRequired\":true,\"valueName\":\"search_term_string\"}}],\"inLanguage\":\"en-US\"}]}<\/script>\r\n<!-- \/ Yoast SEO plugin. -->","yoast_head_json":{"title":"Registreer als partner - Finance Flow Conference Belgi\u00eb","robots":{"index":"index","follow":"follow","max-snippet":"max-snippet:-1","max-image-preview":"max-image-preview:large","max-video-preview":"max-video-preview:-1"},"canonical":"https:\/\/heliview.com\/e-invoicing-belgium\/registeer-als-partner\/","og_locale":"en_US","og_type":"article","og_title":"Registreer als partner - Finance Flow Conference Belgi\u00eb","og_description":"[vc_row full_width=&#8221;stretch_row&#8221; css=&#8221;.vc_custom_1617373986261{background-color: #ffffff !important;}&#8221;][vc_column width=&#8221;1\/3&#8243;][vc_column_text css=&#8221;&#8221;] Leadgeneratie bij een geselecteerde doelgroep Gegarandeerde interactie met potenti\u00eble klanten Waardevolle matchmaking tijdens de \u00e9\u00e9n-op-\u00e9\u00e9n-gesprekken op basis van uw voorkeuren En nog veel meer! [\/vc_column_text][vc_row_inner][vc_column_inner][vc_single_image image=&#8221;7540&#8243; img_size=&#8221;200&#215;200&#8243; css=&#8221;&#8221;][vc_column_text css=&#8221;&#8221;] Kjeld Eggen | Junior sales executive Vul het formulier in en ik neem zo snel mogelijk contact met je [&hellip;]","og_url":"https:\/\/heliview.com\/e-invoicing-belgium\/registeer-als-partner\/","og_site_name":"Finance Flow Conference Belgi\u00eb","article_publisher":"https:\/\/www.facebook.com\/HeliviewCT","article_modified_time":"2026-04-16T13:42:35+00:00","twitter_card":"summary_large_image","twitter_site":"@HeliviewConf","twitter_misc":{"Est. reading time":"3 minutes"},"schema":{"@context":"https:\/\/schema.org","@graph":[{"@type":"WebPage","@id":"https:\/\/heliview.com\/e-invoicing-belgium\/registeer-als-partner\/","url":"https:\/\/heliview.com\/e-invoicing-belgium\/registeer-als-partner\/","name":"Registreer als partner - Finance Flow Conference Belgi\u00eb","isPartOf":{"@id":"https:\/\/heliview.com\/e-invoicing-belgium\/#website"},"datePublished":"2018-10-04T11:37:03+00:00","dateModified":"2026-04-16T13:42:35+00:00","breadcrumb":{"@id":"https:\/\/heliview.com\/e-invoicing-belgium\/registeer-als-partner\/#breadcrumb"},"inLanguage":"en-US","potentialAction":[{"@type":"ReadAction","target":["https:\/\/heliview.com\/e-invoicing-belgium\/registeer-als-partner\/"]}]},{"@type":"BreadcrumbList","@id":"https:\/\/heliview.com\/e-invoicing-belgium\/registeer-als-partner\/#breadcrumb","itemListElement":[{"@type":"ListItem","position":1,"name":"Home","item":"https:\/\/heliview.com\/e-invoicing-belgium\/"},{"@type":"ListItem","position":2,"name":"Registreer als partner"}]},{"@type":"WebSite","@id":"https:\/\/heliview.com\/e-invoicing-belgium\/#website","url":"https:\/\/heliview.com\/e-invoicing-belgium\/","name":"Finance Flow Conference Belgi\u00eb","description":"","potentialAction":[{"@type":"SearchAction","target":{"@type":"EntryPoint","urlTemplate":"https:\/\/heliview.com\/e-invoicing-belgium\/?s={search_term_string}"},"query-input":{"@type":"PropertyValueSpecification","valueRequired":true,"valueName":"search_term_string"}}],"inLanguage":"en-US"}]}},"acf":[],"_links":{"self":[{"href":"https:\/\/heliview.com\/e-invoicing-belgium\/wp-json\/wp\/v2\/pages\/2444","targetHints":{"allow":["GET"]}}],"collection":[{"href":"https:\/\/heliview.com\/e-invoicing-belgium\/wp-json\/wp\/v2\/pages"}],"about":[{"href":"https:\/\/heliview.com\/e-invoicing-belgium\/wp-json\/wp\/v2\/types\/page"}],"author":[{"embeddable":true,"href":"https:\/\/heliview.com\/e-invoicing-belgium\/wp-json\/wp\/v2\/users\/25"}],"replies":[{"embeddable":true,"href":"https:\/\/heliview.com\/e-invoicing-belgium\/wp-json\/wp\/v2\/comments?post=2444"}],"version-history":[{"count":8,"href":"https:\/\/heliview.com\/e-invoicing-belgium\/wp-json\/wp\/v2\/pages\/2444\/revisions"}],"predecessor-version":[{"id":7549,"href":"https:\/\/heliview.com\/e-invoicing-belgium\/wp-json\/wp\/v2\/pages\/2444\/revisions\/7549"}],"wp:attachment":[{"href":"https:\/\/heliview.com\/e-invoicing-belgium\/wp-json\/wp\/v2\/media?parent=2444"}],"curies":[{"name":"wp","href":"https:\/\/api.w.org\/{rel}","templated":true}]}}